(1)?
5
Suppose 3*n - 28 = 125. Calculate the remainder when n is divided by 13.
12
Suppose 4*b + 148 = 4*q, -2*q - 42 = -3*q + 2*b. Suppose q = -0*m + 4*m. What is the remainder when 39 is divided by m?
7
Let h be (50/40)/(1/4). Suppose -3*c + 5*b + 67 = 3*b, -5*c - h*b = -70. What is the remainder when c is divided by 11?
8
Suppose -2*d = -3*d - 14. Let f(o) = -o - 12. Calculate the remainder when 2 is divided by f(d).
0
Let j(n) = n**2 + 5*n - 2. Let q be j(-6). Let i(w) = 1 + q*w + 2*w - 2 - 1. Calculate the remainder when i(6) is divided by 18.
16
Let s(c) = -c + 5. Let w be s(0). Suppose 4*m + 5*i - 53 = 0, 5*m + w*i - 70 = -0*m. Calculate the remainder when 49 is divided by m.
15
Let k = 181 + -66. Suppose 4*w - k + 19 = 0. What is the remainder when 47 is divided by w?
23
Let q = -15 - -9. Let a(u) = -u**3 - 7*u**2 - 7*u + 2. Calculate the remainder when 22 is divided by a(q).
6
Suppose 2*w - 4 = 6*w. Let c = 6 - w. What is the remainder when ((-12)/5)/((-2)/15) is divided by c?
4
Let d = -13 + 9. Calculate the remainder when d/(-14) + (-285)/(-7) is divided by 21.
20
Let n(x) = x**2 - 5*x - 5. Let g be n(6). Let q be 15/(-12) - g/(-4). Let b = 16 - q. Calculate the remainder when 31 is divided by b.
14
Suppose -8 = -4*k + 56. Calculate the remainder when k is divided by 6.
4
Let y(t) = -2*t + 3. Suppose 4 = 3*p - 5, 0 = -5*w + p - 43. Calculate the remainder when -1 - 76/(0 + -1) is divided by y(w).
18
Let i be -31*(-2 + 3)*-1. Let r = i - 17. What is the remainder when 55 is divided by r?
13
Let z(w) be the second derivative of -13*w**5/20 - w**4/6 - w**3/6 + w. Let h be z(-1). Let s = -5 + h. What is the remainder when 13 is divided by s?
6
Let h = 41 + 0. Calculate the remainder when h is divided by 14.
13
Let t(d) = d**3 - 6*d**2 - 3*d + 1. Let v be t(6). Let x = -7 - v. What is the remainder when 29 is divided by x?
9
Suppose 2*w + a - 2*a = 43, -2*w + 5*a = -47. What is the remainder when w is divided by 5?
1
Suppose t - 1 = 5. Suppose 11*l = t*l + 365. Calculate the remainder when l is divided by 19.
16
Suppose -u - 37 = -2*y, -2*y + 12 = 5*u - 7. Suppose 0*a = -2*b - 3*a + 85, -230 = -5*b - 4*a. Calculate the remainder when b is divided by y.
16
Let m(v) = 3 + 8*v + 10*v - 4*v - 2. Calculate the remainder when m(1) is divided by 8.
7
Suppose -6*k - 55 = -3*x - 2*k, -3*x - 2*k + 85 = 0. Calculate the remainder when x is divided by 14.
11
Let o(c) = c**2 + 15*c + 8. Let w(n) = 12*n**2 - 1. Calculate the remainder when w(-2) is divided by o(-16).
23
Let q(j) = -4*j + 67. What is the remainder when 19 is divided by q(14)?
8
Let o = 6 - 2. Let z be (-2 + o)/(2/19). Suppose 2 = 3*a - z. Calculate the remainder when 13 is divided by a.
6
Suppose -4*s + 12 - 46 = 3*q, -5*q + 30 = -2*s. Let h(z) = -3*z - 11. What is the remainder when h(s) is divided by 10?
9
Let l = -39 - -93. What is the remainder when l is divided by 14?
12
Calculate the remainder when (22/8)/(9/(-936)*-2) is divided by 24.
23
Suppose -5*c + 22 = 3*n - 2*n, -2*n - 3*c = -16. Let t be 21/6*(n + -4). Let q(r) = r**3 + 9*r**2 + 9*r + 8. What is the remainder when q(t) is divided by 11?
10
Calculate the remainder when 19 is divided by 31/7 - 4/(-7).
4
Let o(x) = 2*x - 1. Calculate the remainder when 139 is divided by o(24).
45
Suppose 5*f = -5*l + 16 + 59, -3*l + 5*f + 53 = 0. Calculate the remainder when 12*80/15 + -2 is divided by l.
14
Let f(o) be the third derivative of o**5/60 + o**4/6 + o**3 - o**2. Let v be f(-6). Let s = -10 + v. Calculate the remainder when s is divided by 3.
2
Let d be 2/(-13) + 160/26. Suppose 3*m + d = h, -h - h + 5 = m. Calculate the remainder when h is divided by 1.
0
Let c(t) = -t**3 + 8*t**2 + 9*t + 7. Calculate the remainder when c(7) is divided by 30.
29
Let k = 1 - -27. Calculate the remainder when -2 + k + (-3 - 1) is divided by 8.
6
Let v = 17 + -5. Calculate the remainder when 46 is divided by v.
10
Let q be (-2)/(-5) + 141/(-15). Let w = q - -26. Calculate the remainder when w is divided by 6.
5
Calculate the remainder when 182 is divided by ((-3)/(-9))/(1/111).
34
Suppose -7 = -2*t + t. Let a = -3 + t. Suppose o = a*o - 102. Calculate the remainder when o is divided by 12.
10
Suppose 3*i + 3*g = 129, 3*i - 2*i - 28 = 4*g. Suppose -112 = -4*y - i. Let k(x) = -9*x - 2. Calculate the remainder when k(-4) is divided by y.
16
Let t(d) = -d**2 + 7*d - 6. Let l be t(6). Suppose l = -5*i + 558 + 127. Suppose 2*r - i = -31. Calculate the remainder when r is divided by 18.
17
Let x(p) = -p**2 - 1. Let m(r) = -2*r**2 + r - 3. Let g(i) = 6*m(i) - 13*x(i). What is the remainder when g(-7) is divided by 1?
0
Let y(h) = -h**3 + 5. Let l be y(0). Suppose 5*o - 25 = -l*q, 2*q - 18 = -0*q + 2*o. What is the remainder when 12 is divided by q?
5
Let z(k) = -k**3 - k**2 - k. Calculate the remainder when z(-3) is divided by 4.
1
What is the remainder when 105 is divided by (0 - 1)*189/(-7)?
24
Suppose 2*q - 734 = -4*d, 0 = 2*q - 7 - 3. What is the remainder when d is divided by 23?
20
What is the remainder when 54 is divided by (-19)/95 + 71/5?
12
Let b = -36 - -110. Calculate the remainder when b is divided by 11.
8
Let q = 9 + -6. Let w(o) = -o**3 - 11*o**2 + 11*o - 7. Calculate the remainder when w(-12) is divided by q.
2
Let b(z) = -2*z + 31. Calculate the remainder when 24 is divided by b(13).
4
Let g(k) = -1 - k - 9*k**2 + 2 + 3*k**2 + 5*k**2. Calculate the remainder when g(0) is divided by 1.
0
Suppose -s + 2 = -3, 0 = o - s - 76. Calculate the remainder when o is divided by 41.
40
Let r(n) = n**3 + 7*n**2 - 10*n - 11. Let l be r(-8). Let x = l + -3. Calculate the remainder when 3 is divided by x.
1
Let r(f) = 6*f - 2. Suppose -4 = -y - 3*v - 18, 5*y = -5*v - 80. Let n = y - -29. Calculate the remainder when r(4) is divided by n.
10
Let g = -6 + 11. Suppose -g*c + 5*z + 207 + 68 = 0, -3*c = 5*z - 157. Calculate the remainder when c is divided by 14.
12
Let t(i) = -i - 2. Let o be t(-5). Suppose -v + 156 = o*v. Suppose v - 12 = 3*f. What is the remainder when 25 is divided by f?
7
Let n = 93 - 60. Calculate the remainder when 121 is divided by n.
22
Let k be 10 + 0/(2*1). Let f be 3 + 2 + (-6)/2. Calculate the remainder when (5/k)/(f/148) is divided by 10.
7
Suppose 23 = -3*q - 2*w - 35, 2*w = 3*q + 50. Let f = 22 + q. What is the remainder when 7 is divided by f?
3
Let x(g) = 9*g**2 - 6*g + 5. Calculate the remainder when x(2) is divided by 11.
7
Suppose 244 = 10*t - 6*t. Calculate the remainder when t is divided by 21.
19
Calculate the remainder when -3 - (-4 + (-4 - 49)) is divided by 19.
16
Suppose -m - 2 = 13. Calculate the remainder when 42 is divided by ((-22)/6)/(5/m).
9
What is the remainder when 48 is divided by 1 - 1 - (-9 - 8)?
14
Let h = -9 - -9. Suppose -5*i - 149 + 514 = h. Suppose 4*k = 3*k + 25. Calculate the remainder when i is divided by k.
23
Suppose -2 = -4*q - 0*q - b, -2 = 4*q - b. Suppose n + 4*i - 47 = q, 2*n - 140 = -i - 32. Calculate the remainder when n is divided by 14.
13
Suppose 0 = 5*i + 4*t - 54, 0*i + 4*t + 44 = 2*i. What is the remainder when 151 is divided by i?
11
Suppose 0 = -5*m + 12 + 33. Suppose 2*o = 9 + m. Calculate the remainder when 17 is divided by o.
8
Let z(c) be the third derivative of c**5/60 + c**3/2 + 2*c**2. What is the remainder when z(-8) is divided by 23?
21
Let k be (-6)/((2 - 3) + -1). Suppose 0 = 4*w + s - 46, -k*s + s + 32 = 3*w. Calculate the remainder when 47 is divided by w.
11
Let p(o) be the second derivative of o**4/3 - o**3/2 - o**2 - 2*o. Calculate the remainder when p(3) is divided by 9.
7
Let p(g) = -g**2 - 7*g + 15. Calculate the remainder when 87 is divided by p(-7).
12
Suppose 0*r - 530 = -2*r. Suppose -2*n = 3*n - r. What is the remainder when n is divided by 18?
17
Let b be (-28)/(-3) + 8/12. Let g = -7 + b. Let v(t) = t - 1. What is the remainder when v(6) is divided by g?
2
Let a = 12 - 23. Let m = a - -24. Calculate the remainder when 25 is divided by m.
12
Suppose 2*i = -6, -3*h + 3*i + 36 = -2*i. Suppose -v + 0*v = 4. Let c(f) = -f**3 - 4*f**2 - f - 1. What is the remainder when h is divided by c(v)?
1
Let h(o) = o**2 + o - 12. Suppose -2*f - 3*y + 2*y = 13, 5*f - 3*y + 27 = 0. What is the remainder when h(f) is divided by 10?
8
What is the remainder when (58/5 -